 10, what is -4218 - 5?
-4223
In base 10, what is -4 + -23?
-27
In base 4, what is 2 - 11011?
-11003
In base 13, what is 31 - 1b?
13
In base 10, what is 1 + 74?
75
In base 10, what is 2071 + -3?
2068
In base 4, what is -101 - 10?
-111
In base 7, what is -403 + 0?
-403
In base 5, what is 1242 + 1?
1243
In base 2, what is 1 - -101001?
101010
In base 9, what is -418 + -5?
-424
In base 9, what is -2 + 265?
263
In base 9, what is -3 - -45?
42
In base 3, what is -12001 + 21?
-11210
In base 2, what is 101 + 111001?
111110
In base 4, what is -2 - 130302?
-130310
In base 13, what is -12373 + -4?
-12377
In base 9, what is 723 + 1?
724
In base 15, what is 16 + -77?
-61
In base 5, what is 2 + -212?
-210
In base 12, what is 55 - a?
47
In base 13, what is -26c + -3?
-272
In base 8, what is -10 - 624?
-634
In base 10, what is -385 + 1?
-384
In base 12, what is 0 - -9?
9
In base 15, what is e + -13?
-4
In base 7, what is -15551 - -1?
-15550
In base 7, what is 15504 - 4?
15500
In base 10, what is 18 - -10?
28
In base 12, what is -173 + 8?
-167
In base 4, what is 223 - 103?
120
In base 16, what is 0 + 3a4?
3a4
In base 3, what is 0 + 100?
100
In base 5, what is 4343 - -14?
4412
In base 11, what is -323 - a?
-332
In base 8, what is -313 + -1?
-314
In base 10, what is 55 + 269?
324
In base 3, what is -222 + 122?
-100
In base 14, what is -3 - -89?
86
In base 15, what is 27 + -14?
13
In base 13, what is 5 + -15b8?
-15b3
In base 4, what is -11 - 2133?
-2210
In base 4, what is 23033 + -3?
23030
In base 16, what is 2d - 5?
28
In base 10, what is 40 - 2?
38
In base 8, what is -60 - 4?
-64
In base 7, what is 5 + 14523?
14531
In base 16, what is -38a + 2?
-388
In base 5, what is -3 + 34224?
34221
In base 3, what is 21100122 + -12?
21100110
In base 4, what is -11000 - -3?
-10331
In base 12, what is 30 + 3?
33
In base 6, what is -20 - 2134?
-2154
In base 4, what is -11 + 1222?
1211
In base 2, what is 1 - -1111011000?
1111011001
In base 10, what is 0 - -41?
41
In base 7, what is -51 - 11?
-62
In base 15, what is -c + 73?
66
In base 16, what is -a07 + 2?
-a05
In base 10, what is -458 + 0?
-458
In base 2, what is -1110010100 - 1000?
-1110011100
In base 11, what is -3 - 159?
-161
In base 14, what is -38 - -6?
-32
In base 15, what is 4 - -10b?
110
In base 16, what is 67 - -2?
69
In base 15, what is -1 + 2c?
2b
In base 13, what is -1 - 49?
-4a
In base 15, what is -4 + 39d?
399
In base 6, what is -141 - -4?
-133
In base 2, what is 1 + 1100000?
1100001
In base 11, what is 0 - 2639?
-2639
In base 6, what is -1305 + -45?
-1354
In base 14, what is -20 + -5?
-25
In base 9, what is 5 - -60?
65
In base 16, what is -14d + 0?
-14d
In base 6, what is -25 - -1100?
1031
In base 13, what is -24 - 40?
-64
In base 2, what is 1 - 1001001101010?
-1001001101001
In base 14, what is 11 + 130?
141
In base 7, what is -3111 - 5?
-3116
In base 4, what is 10 - 32101?
-32031
In base 16, what is 9 + -54?
-4b
In base 10, what is -575 + 0?
-575
In base 8, what is 3 + -165?
-162
In base 8, what is 6051 + -1?
6050
In base 14, what is 1 + -1?
0
In base 10, what is -4392 + -5?
-4397
In base 13, what is 150 + 4?
154
In base 10, what is 2 - 2415?
-2413
In base 6, what is -3245 - 0?
-3245
In base 10, what is 3 - -58?
61
In base 15, what is -32a + -3?
-32d
In base 5, what is -120 + -1302?
-1422
In base 5, what is 0 - -334?
334
In base 12, what is 15 + 4?
19
In base 6, what is 2 + 12?
14
In base 16, what is -5 - -3b?
36
In base 6, what is -12401 - 2?
-12403
In base 16, what is 68 + 2?
6a
In base 13, what is -623 + 2?
-621
In base 6, what is 120 - -144?
304
In base 16, what is 83 - 3?
80
In base 9, what is 1 + 50?
51
In base 14, what is -4 + 6?
2
In base 10, what is 5 - 345?
-340
In base 10, what is -2 + -5?
-7
In base 8, what is -3202 - -13?
-3167
In base 8, what is -30107 - 0?
-30107
In base 3, what is -12 - -101222?
101210
In base 11, what is 2 - -324?
326
In base 7, what is -63304 + 0?
-63304
In base 6, what is 3150 + 10?
3200
In base 4, what is -3 + -213100?
-213103
In base 16, what is -e6e + 2?
-e6c
In base 11, what is -1 - 968?
-969
In base 12, what is 6 - b7a?
-b74
In base 14, what is -6 - -520?
518
In base 8, what is -3 - -220?
215
In base 15, what is -4 - -d?
9
In base 13, what is 5c + -4?
58
In base 16, what is -2 - -1f?
1d
In base 8, what is 14467 - 2?
14465
In base 3, what is 1001 + 1020110?
1021111
In base 4, what is 23023 + 2?
23031
In base 11, what is 3 + -23?
-20
In base 13, what is 8a4 + 5?
8a9
In base 3, what is 120002001 + 1?
120002002
In base 14, what is -64 + 12?
-52
In base 8, what is 4 - -11627?
11633
In base 10, what is 2 + -1651?
-1649
In base 10, what is -9 - -108?
99
In base 15, what is -8be + 2?
-8bc
In base 5, what is -11 + 34?
23
In base 9, what is -648 - -4?
-644
In base 7, what is 14 - -1?
15
In base 4, what is 30 - -100231?
100321
In base 8, what is -372 - 0?
-372
In base 14, what is 25b - -2?
25d
In base 7, what is -102 + 4?
-65
In base 5, what is 31 + 13?
44
In base 7, what is -2 + -2656?
-2661
In base 5, what is 2 + -2303?
-2301
In base 12, what is 7 + -17b8?
-17b1
In base 7, what is 163 - 13?
150
In base 3, what is 1020 - -10?
1100
In base 11, what is -40 + 5?
-36
In base 3, what is 0 - -1022002?
1022002
In base 13, what is -5 + 434?
42c
In base 16, what is 4f1b - -1?
4f1c
In base 4, what is 300 - -12?
312
In base 12, what is -44a - -4?
-446
In base 6, what is 152 - -2?
154
In base 11, what is 23 - 54?
-31
In base 8, what is 127 + 403?
532
In base 15, what is -11c - -e?
-10d
In base 2, what is -1000111000010 + 100?
-1000110111110
In base 2, what is -1111110 + -100?
-10000010
In base 8, what is -323 - 4?
-327
In base 4, what is 11303 + 2?
11311
In base 3, what is -120111001 - 12?
-120111020
In base 11, what is -1 - 39?
-3a
In base 6, what is 10 + -14?
-4
In base 11, what is -91 + 4?
-88
In base 8, what is -4 - -1527?
1523
In base 9, what is -1508 + -2?
-1511
In base 6, what is 5 - 5?
0
In base 8, what is -6 - 126?
-134
In base 11, what is 8 - 4?
4
In base 2, what is 110101101 - 1?
110101100
In base 4, what is -213233 + 20?
-213213
In base 3, what is -22102222 - 2?
-22110001
In base 11, what is 49 - -6?
54
In base 9, what is -2234 + -5?
-2240
In base 8, what is 13 + -27?
-14
In base 16, what is -3 - 1c?
-1f
In base 6, what is 5 - -320?
325
In base 9, what is -31225 + -2?
-31227
In base 6, what is 4 - 0?
4
In base 8, what is -54 - 115?
-171
In base 15, what is -86 - 0?
-86
In base 16, what is 67 + -4?
63
In base 6, what is 1 + 220?
221
In base 13, what is 31 + 9b?
cc
In base 15, what is 7 - -115?
11c
In base 15, what is -8 - 6?
-e
In base 4, what is 101 + 3031?
3132
In base 2, what is 10011 + 110101?
1001000
In base 12, what is 98a + -1?
989
In base 13, what is -68 + -2?
-6a
In base 12, what is 1 + 44?
45
In base 5, what is 10 + -1212?
-1202
In base 3, what is 0 - 1100?
-1100
In base 8, what is 2 - 13562?
-13560
In base 4, what is -11 - -302312?
302301
In base 5, what is 14 - 30?
-11
In base 3, what is 200 - -2?
202
In base 2, what is 1011011100 - -10111?
1011110011
In base 8, what is 3406 - 5?
3401
In base 6, what is 2 + 13?
15
In base 13, what is 2a - -13?
40
In base 11, what is 0 + 51?
51
In base 15, what is -1b4e - -1?
-1b4d
In base 16, what is -8 + c?
4
In base 14, what is 2c - -a3?
d1
In base 12, what is -85 + -20?
-a5
In base 4, what is 1 - 10000?
-3333
In base 7, what is 2230 + -3?
2224
In base 16, what is -2b - -106?
db
In base 16, what is -16 + -5?
-1b
In base 9, what is 334 + -5?
328
In base 4, what is -301 - -131?
-110
In base 3, what is -1220121 + 10?
-1220111
In base 9, what is 10 - 240?
-230
In base 14, what is 320 - 2?
31c
In base 2, what is -101011 + -10000010?
-10101101
In base 9, what is 1 - 34?
-33
In base 11, what is -169 + 1?
-168
In base 4, what is -1221 + -12?
-1233
In base 12, what is 163 - 48?
117
In base 7, what is -164233 - 0?
-164233
In base 11, what is -1 + a09?
a08
In base 10, what is 30 - 1?
29
In base 11, what is -1a + 93?
74
In base 6, what is -152 + -22?
-214
In base 7, what is -3 - -1310?
1304
In base 5, what is 2 - -100103?
100110
In base 3, what is 1 - -1002?
1010
In base 16, what is -2762 + -1?
-2763
In base 15, what is 0 + 677?
677
In base 10, what is 4655 - 0?
4655
In base 6, what is 231 + -212?
15
In base 5, what is -3 - 3?
-11
In base 16